{"id":163,"date":"2020-04-06T21:26:38","date_gmt":"2020-04-06T19:26:38","guid":{"rendered":"https:\/\/www.soundarium.fr\/?page_id=163"},"modified":"2020-04-06T23:16:47","modified_gmt":"2020-04-06T21:16:47","slug":"arnaud-nano-methivier","status":"publish","type":"page","link":"https:\/\/www.soundarium.fr\/index.php\/arnaud-nano-methivier\/","title":{"rendered":"Arnaud (NANO) Methivier"},"content":{"rendered":"\n<figure class=\"wp-block-image size-large\"><img loading=\"lazy\" decoding=\"async\" width=\"1024\" height=\"1024\" src=\"https:\/\/www.soundarium.fr\/wp-content\/uploads\/2020\/04\/IMG_4905-1024x1024.jpg\" alt=\"\" class=\"wp-image-174\" srcset=\"https:\/\/www.soundarium.fr\/wp-content\/uploads\/2020\/04\/IMG_4905.jpg 1024w, https:\/\/www.soundarium.fr\/wp-content\/uploads\/2020\/04\/IMG_4905-300x300.jpg 300w, https:\/\/www.soundarium.fr\/wp-content\/uploads\/2020\/04\/IMG_4905-150x150.jpg 150w, https:\/\/www.soundarium.fr\/wp-content\/uploads\/2020\/04\/IMG_4905-768x768.jpg 768w\" sizes=\"(max-width: 1024px) 100vw, 1024px\" \/><\/figure>\n\n\n\n<p><em> Le SOUNDARIUM, \u00ab Immersion d\u2019une foule dans une bulle sonore, avec du son qui se d\u00e9place. Dans le cadre de grands spectacles visuels et sonores de nouvelle g\u00e9n\u00e9ration, sur des places publiques, stades ou dans des Ar\u00e9nas. Le <\/em> <em>SOUNDARIUM<\/em> <em> parait \u00eatre l\u2019outil indispensable pour la cr\u00e9ation d\u2019Op\u00e9ras urbains. \u00bb<\/em><\/p>\n\n\n\n<p><em><br>Le SoundArium peut \u00eatre le premier projet architectural d\u00e9di\u00e9es aux musiques amplifi\u00e9es pour grand public, l\u2019\u00e9quivalent du club pour le jazz, l\u2019auditorium pour les musiques d\u00eetes classiques, l\u2019op\u00e9ra (th\u00e9\u00e2tre) pour l\u2019op\u00e9ra \u2026. En effet, aucune architecture n\u2019a \u00e9t\u00e9 invent\u00e9 pour les musiques amplifi\u00e9es. (Le stade a \u00e9t\u00e9 invent\u00e9 pour le sport).  <\/em><br><\/p>\n\n\n\n<figure class=\"wp-block-image size-large\"><img loading=\"lazy\" decoding=\"async\" width=\"1024\" height=\"683\" src=\"https:\/\/www.soundarium.fr\/wp-content\/uploads\/2020\/04\/IMG_1546-1024x683.jpg\" alt=\"\" class=\"wp-image-169\" srcset=\"https:\/\/www.soundarium.fr\/wp-content\/uploads\/2020\/04\/IMG_1546-1024x683.jpg 1024w, https:\/\/www.soundarium.fr\/wp-content\/uploads\/2020\/04\/IMG_1546-300x200.jpg 300w, https:\/\/www.soundarium.fr\/wp-content\/uploads\/2020\/04\/IMG_1546-768x512.jpg 768w, https:\/\/www.soundarium.fr\/wp-content\/uploads\/2020\/04\/IMG_1546-1200x800.jpg 1200w, https:\/\/www.soundarium.fr\/wp-content\/uploads\/2020\/04\/IMG_1546.jpg 1500w\" sizes=\"(max-width: 1024px) 100vw, 1024px\" \/><figcaption>Terence et NANO complices de l&rsquo;immersion sonore depuis +de 20 ans. <br>Ils ont commenc\u00e9 l&rsquo;immersion sonore lors de leur premi\u00e8re rencontre sur Orl\u00e9ans Jazz 1998&#8230; Apr\u00e8s + de 600 concerts immersifs en 25 ans, ils continuent leur voyage&#8230;<\/figcaption><\/figure>\n\n\n\n<div class=\"wp-block-image\"><figure class=\"aligncenter is-resized\"><img loading=\"lazy\" decoding=\"async\" src=\"https:\/\/www.soundarium.fr\/wp-content\/uploads\/2020\/04\/Nano-vole-Metz-5-compresse\u0301.jpg\" alt=\"\" class=\"wp-image-176\" width=\"216\" height=\"385\" srcset=\"https:\/\/www.soundarium.fr\/wp-content\/uploads\/2020\/04\/Nano-vole-Metz-5-compresse\u0301.jpg 354w, https:\/\/www.soundarium.fr\/wp-content\/uploads\/2020\/04\/Nano-vole-Metz-5-compresse\u0301-169x300.jpg 169w\" sizes=\"(max-width: 216px) 100vw, 216px\" \/><figcaption><strong>Nano, Opera Urbain immersifs:<\/strong><br> <br><a href=\"https:\/\/www.nanomusic.fr\/magic-nano\">Magic Nano<\/a> <br> &nbsp;<br><a href=\"https:\/\/www.nanomusic.fr\/envoleechromatique\">Envol\u00e9e Chromatique<\/a><br>\u200b<br><a href=\"https:\/\/www.nanomusic.fr\/magic-nano\">Magic NANO<\/a><br>\u200b<br><a href=\"https:\/\/www.nanomusic.fr\/magic-nano\">Li\u00e9do Magic NANO<\/a><br>\u200b<br><a href=\"https:\/\/www.nanomusic.fr\/magic-nano\">Dundu Magic NANO <\/a><\/figcaption><\/figure><\/div>\n\n\n\n<figure class=\"wp-block-image size-large\"><img loading=\"lazy\" decoding=\"async\" width=\"1024\" height=\"683\" src=\"https:\/\/www.soundarium.fr\/wp-content\/uploads\/2020\/04\/Nano-terence-JP-1024x683.jpg\" alt=\"\" class=\"wp-image-175\" srcset=\"https:\/\/www.soundarium.fr\/wp-content\/uploads\/2020\/04\/Nano-terence-JP-1024x683.jpg 1024w, https:\/\/www.soundarium.fr\/wp-content\/uploads\/2020\/04\/Nano-terence-JP-300x200.jpg 300w, https:\/\/www.soundarium.fr\/wp-content\/uploads\/2020\/04\/Nano-terence-JP-768x513.jpg 768w, https:\/\/www.soundarium.fr\/wp-content\/uploads\/2020\/04\/Nano-terence-JP-1536x1025.jpg 1536w, https:\/\/www.soundarium.fr\/wp-content\/uploads\/2020\/04\/Nano-terence-JP-2048x1367.jpg 2048w, https:\/\/www.soundarium.fr\/wp-content\/uploads\/2020\/04\/Nano-terence-JP-1200x801.jpg 1200w, https:\/\/www.soundarium.fr\/wp-content\/uploads\/2020\/04\/Nano-terence-JP-1980x1321.jpg 1980w\" sizes=\"(max-width: 1024px) 100vw, 1024px\" \/><figcaption>Concert immersif 2016 Neuhardenberg (Allemagne)  <br>NANO (Ecriture et interpr\u00e9tation), Terence Briand (metteur en sc\u00e8ne sonore) et Jean Paul Moreau (Batterie)<\/figcaption><\/figure>\n\n\n\n<p><\/p>\n","protected":false},"excerpt":{"rendered":"<p>Le SOUNDARIUM, \u00ab Immersion d\u2019une foule dans une bulle sonore, avec du son qui se d\u00e9place. Dans le cadre de grands spectacles visuels et sonores de nouvelle g\u00e9n\u00e9ration, sur des places publiques, stades ou dans des Ar\u00e9nas. Le SOUNDARIUM parait \u00eatre l\u2019outil indispensable pour la cr\u00e9ation d\u2019Op\u00e9ras urbains. \u00bb Le SoundArium peut \u00eatre le premier [&hellip;]<\/p>\n","protected":false},"author":1,"featured_media":0,"parent":0,"menu_order":0,"comment_status":"closed","ping_status":"closed","template":"","meta":{"footnotes":""},"_links":{"self":[{"href":"https:\/\/www.soundarium.fr\/index.php\/wp-json\/wp\/v2\/pages\/163"}],"collection":[{"href":"https:\/\/www.soundarium.fr\/index.php\/wp-json\/wp\/v2\/pages"}],"about":[{"href":"https:\/\/www.soundarium.fr\/index.php\/wp-json\/wp\/v2\/types\/page"}],"author":[{"embeddable":true,"href":"https:\/\/www.soundarium.fr\/index.php\/wp-json\/wp\/v2\/users\/1"}],"replies":[{"embeddable":true,"href":"https:\/\/www.soundarium.fr\/index.php\/wp-json\/wp\/v2\/comments?post=163"}],"version-history":[{"count":13,"href":"https:\/\/www.soundarium.fr\/index.php\/wp-json\/wp\/v2\/pages\/163\/revisions"}],"predecessor-version":[{"id":197,"href":"https:\/\/www.soundarium.fr\/index.php\/wp-json\/wp\/v2\/pages\/163\/revisions\/197"}],"wp:attachment":[{"href":"https:\/\/www.soundarium.fr\/index.php\/wp-json\/wp\/v2\/media?parent=163"}],"curies":[{"name":"wp","href":"https:\/\/api.w.org\/{rel}","templated":true}]}}